 of p and 2.
2
Suppose -4*d + 3 = -1. Suppose 5*a = 11 - d. Let v(i) = -i**3 - 12*i**2 - 10*i + 14. Let c be v(-11). Calculate the greatest common divisor of c and a.
1
Suppose 2*x = -3*a + 2*a + 6, -4*x - 5*a = -24. Calculate the greatest common factor of x and 1.
1
Let g = -21 + 55. Let p = -19 + g. Calculate the highest common divisor of p and 3.
3
Suppose 60*o = 63*o - 270. What is the greatest common divisor of o and 45?
45
Let r = 18 + -10. Let c be 63/(-14)*(-4)/6. Suppose 37 = 3*o + 5*a, 4*a + 7 - 39 = -c*o. What is the highest common divisor of o and r?
4
Suppose 0*j - j = 4*b + 7, 3*b = -j - 4. Let p be 13/(-39) + (-37)/b. Calculate the greatest common divisor of 4 and p.
4
Suppose -3*i + b = -18, 30 = 7*i - 2*i - 5*b. What is the highest common factor of i and 48?
6
Let f = -1 - -2. Let q = -149 + 151. Calculate the greatest common divisor of f and q.
1
Suppose -5*a + 1 = -4. Let c be 13 + 3*a/(-1). What is the greatest common divisor of c and 4?
2
Let s be 19 + -1 + 1 + -1. Let d be 1*(1 + 2 + s). What is the greatest common factor of d and 42?
21
Suppose 3*y + 4*s = 59, 2*y + 3*y - s = 106. Suppose 5*p = -2*t + 42 + 65, -2*p + t = -41. What is the greatest common factor of y and p?
21
Let c(d) = 3*d - 2. Let j be c(9). Let z be (-4)/10 + 1385/j. Calculate the highest common divisor of z and 22.
11
Let f(m) = 2*m**2 + 4*m - 8. Let z be f(-4). What is the greatest common factor of 64 and z?
8
Suppose 2*o = -0 + 6. Let h(x) be the third derivative of x**5/60 + x**3/2 - 6*x**2. Let j be h(o). What is the highest common divisor of j and 108?
12
Let j be (-4)/(-10) - 116/(-10). What is the highest common divisor of 12 and j?
12
Let h be ((-5)/2 - -1)*2. Let i be ((-10)/4)/(5/150). Let r be i/(-5) - h/(-1). Calculate the highest common factor of 60 and r.
12
Let a(x) = 20*x - 2. Let g be a(3). Suppose -5*f + 86 + g = 3*w, 4*w = 5*f - 123. What is the greatest common divisor of 18 and f?
9
Let m be (-8)/6*(-102)/8. Calculate the greatest common factor of 17 and m.
17
Let a(w) = 24*w - 1 - 1 - 16*w - 2. Let l be a(11). What is the greatest common factor of l and 12?
12
Let k = -152 - -194. What is the highest common divisor of k and 42?
42
Suppose 9 = -p + 4*p, 4*p - 54 = -b. What is the greatest common divisor of 112 and b?
14
Let q(h) = -h**3 - 8*h**2 - 8*h - 4. Let a be q(-7). Let g be ((-44)/5)/(a/(-15)). What is the highest common factor of 11 and g?
11
Suppose -u - 4*u + 2240 = 0. Suppose -3*a = a - u. Let d = -9 + 23. What is the greatest common divisor of d and a?
14
Suppose 110 = 3*b - k, k + 6 = 1. What is the highest common divisor of 7 and b?
7
Let t = -5 - -7. Suppose -t*q = -4*q + 90. What is the greatest common factor of q and 15?
15
Let l = 16 - 8. What is the highest common divisor of l and 2?
2
Suppose 2*i - 5 = -a, -5*a = i - 4*i - 25. Let w(q) = q + 18. Let c be w(i). Suppose 5*p - 47 + 2 = 0. What is the greatest common factor of p and c?
9
Suppose -2*r - 3*g = -8, 2*r + 3 = r + 2*g. Calculate the highest common factor of 3 and r.
1
Suppose 0 = -4*u, g = -0*u - 3*u + 5. Suppose 0 = 2*b - g*b + 6, 3*b + 66 = 3*p. Let d = 8 + -2. Calculate the greatest common divisor of d and p.
6
Let z(l) = -l**2 - l + 1. Let k(j) = 4 - j + j**2 - 4 - 4. Let o(b) = -k(b) - 3*z(b). Let c be o(-4). What is the highest common divisor of c and 187?
17
Suppose 7 = 3*o - 5*r - 9, o = -r. Suppose -4 - 4 = -o*q. Suppose 2*v - q*v = -352. Calculate the highest common factor of 16 and v.
16
Let t be (-260)/6*(-12)/10. Let l = t - -8. Suppose i = -i + l. What is the highest common divisor of 45 and i?
15
Let x be (0/4 - -4) + 1. Calculate the greatest common factor of x and 15.
5
Suppose -9 = 2*q - 139. Calculate the highest common factor of q and 13.
13
Suppose 0 = 3*k - 4*k + 48. Calculate the greatest common divisor of 6 and k.
6
Suppose 0 = -3*w - 2*w + 80. Let n = w + 2. Let v = -1 + 3. What is the highest common divisor of n and v?
2
Let u be (-3 + 2)/(-1)*2. Let l(d) = 8*d + 1. Let r be l(u). Calculate the greatest common factor of r and 187.
17
Let x(h) = -h**3 - 3*h**2 + 8*h + 4. Suppose -4*m + 3 = 23. Let j be x(m). Calculate the highest common factor of j and 21.
7
Let m(k) = 4 - 1 - 3 - 4 - 8*k. Let o be m(-3). Let z(w) = w**2 - 6*w + 5. Let n be z(6). Calculate the highest common factor of n and o.
5
Let d(i) = 10*i - 4. Let f be d(3). What is the highest common factor of 39 and f?
13
Suppose -3*a = -3*k - 3, -5*a + 9 = -k - 2*a. What is the highest common factor of k and 9?
3
Suppose 3*v = 3*c + 24, -3*v - c = c - 24. Calculate the highest common divisor of v and 88.
8
Let i(o) = -4*o - 7. Let j be i(-3). Suppose -4*q + q = -39. Let z be q/(-1)*(j - 6). Calculate the greatest common factor of 13 and z.
13
Let s(b) = -b**3 + 2*b**2 + 3*b + 3. Let r be s(3). Suppose r*g = -g + 84. Suppose g = w + 6. Calculate the greatest common divisor of w and 30.
15
Let t(k) = -6*k**3 + k**2 - k - 1. Let r be t(-1). What is the greatest common divisor of 77 and r?
7
Suppose 4*z = 2*f + z, f + 1 = 2*z. Suppose 7*v + 4 = f*v. Let n be (-4 - v)/(-3)*3. Calculate the greatest common factor of 3 and n.
3
Let t = 37 + 44. Calculate the highest common factor of t and 54.
27
Let i(u) = u**3 + 3*u**2 - 4*u + 4. Let v be i(-4). Suppose -4*d - 4*g - 8 = -0, 10 = -3*d - v*g. What is the highest common divisor of d and 16?
2
Suppose -2*g + 0*g = 4, -2*h + 5*g = -94. What is the greatest common divisor of 12 and h?
6
Let z(r) = r + 1. Let x be z(-7). Let s be 8/(-12) + (-22)/x. Suppose -a - 5*i - 160 = -6*a, 0 = -3*i + 3. Calculate the greatest common factor of s and a.
3
Let o = -5 - -15. Calculate the greatest common factor of o and 50.
10
Let q(c) = 2*c + 16. Let m be q(8). Suppose -2*w + 2*z + 56 = w, 3*w + 2*z = 40. Suppose 0 = 6*r - 2*r - w. What is the highest common factor of r and m?
4
Suppose -2*u = -6*u - 4. Let v be 48 + (1/(-1) - u). Suppose 22 = -3*s + 58. What is the greatest common divisor of s and v?
12
Suppose -3*x + 20 + 34 = 0. What is the greatest common divisor of x and 9?
9
Let r(c) = -c**3 - 8*c**2 - 8*c + 17. Let j be r(-7). What is the greatest common factor of j and 72?
24
Let p be ((-6)/3)/(4/(-18)). Let i(t) = 9*t + 60. Let n be i(-6). Calculate the greatest common factor of p and n.
3
Let u(d) = 51*d**2 - 3*d - 3. Let z be u(-2). Let t(m) = m**2 - 3*m - 5. Let b be t(-4). What is the highest common factor of z and b?
23
Suppose -2*j = -5*p + 2*j + 50, -3*p = -2*j - 28. What is the greatest common factor of 6 and p?
6
Suppose 64 = -3*h - 122. Let p be h/(-6) - (-2)/3. Calculate the highest common factor of p and 22.
11
Suppose 0 = 5*w + q - 13, -4*q + 6*q = 5*w - 4. Suppose 0 = -3*r - 3*y - y + 36, -w*r + 24 = 2*y. Calculate the highest common factor of r and 18.
6
Let y be (-65)/(-10) + (-2)/4. Suppose 3*d - y*d + 18 = 0. Let w be 8/(-6)*(-45)/2. Calculate the greatest common factor of d and w.
6
Let r(t) = -t - 8. Let p be r(0). Let d(g) = g**3 + 8*g**2 + 1. Let a be d(p). What is the highest common divisor of 8 and a?
1
Let g(b) = -b + 1. Let i(a) = -a. Let r(x) = 3*g(x) - 2*i(x). Let w be r(2). What is the greatest common factor of 2 and w?
1
Let i = -60 - -104. What is the greatest common factor of 11 and i?
11
Let x be 34*(-1 - 6/(-4)). Suppose 3*m - 4*m = -2*g - 11, 4*m - 83 = -5*g. What is the greatest common factor of m and x?
17
Suppose -122*l + 125*l - 51 = 0. What is the highest common divisor of l and 119?
17
Let g = 3 - -15. Calculate the highest common factor of g and 45.
9
Suppose 25 = 8*i - 3*i. Calculate the greatest common factor of i and 35.
5
Let s be 18/5*225/18. What is the greatest common divisor of 9 and s?
9
Let i be (-5 + -31)/((-6)/16). What is the highest common factor of 16 and i?
16
Suppose 5*j = -4*h + 50, 3*h = 2*j + 35 - 9. What is the highest common divisor of 5 and h?
5
Suppose -2*i = -2*u + 30, 0 = u + u + 5*i - 37. What is the greatest common divisor of 48 and u?
16
Suppose 5*p + 4*a = 355, 5*p - 2*a = a + 390. Let b be (3 - 1)*-2*25/(-4). Calculate the greatest common factor of b and p.
25
Suppose -192 = -5*s + s. Suppose 8*d = 68 + 188. What is the greatest common divisor of d and s?
16
Suppose 0*r = -4*r + 12. Let q(n) = 2*n**2. Let m be q(1). Let u be r + m/(-1*2). Calculate the greatest 